b(x) = -3*r(x) + 5*w(x). Determine b(-5).
1
Let d(k) = 3*k**3 - 6*k**3 + 3*k**2 + k**3 + k - 4 + 2. Let u = -3 - -5. Calculate d(u).
-4
Let a(m) = -m + m**2 + 3 - 7*m + m. Determine a(6).
-3
Let m(j) = -3*j**3 + 2*j**2 + j. Let f be (4 + (-18)/3)/2. Give m(f).
4
Let h(l) = -l**2 - 2*l + 3. Let v(g) = -g - 8. Let a be v(-5). Let c be h(a). Let t(i) = -3*i - i**3 + 5 + i**2 + 0*i**3 + 2*i. Give t(c).
5
Let k(g) be the first derivative of 5/2*g**2 + 4/3*g**3 - 1/4*g**4 - 1 + 6*g. What is k(5)?
6
Let l(a) be the second derivative of a**3/6 - a**2/2 - a. Let y be (-8)/20 - 12/(-5). Suppose -5 + y = -j. Determine l(j).
2
Let n be ((-8)/2)/((-2)/3). Let u(v) = 0*v**3 - v**2 + 6*v**2 + 8*v - 6 - v**3. Calculate u(n).
6
Let h(g) be the third derivative of -3*g**4/8 + g**3/6 - g**2. Suppose -24 = -4*l + 4*i, 0 = l - 5*i + 6*i + 4. Give h(l).
-8
Let b(f) = -f**3 - 6*f**2 - 5*f - 4. Let k be -2 + -3 + 4 - 4. What is b(k)?
-4
Suppose -7 + 0 = -c. Let t = 10 - c. Let x(j) = j - 3*j - 4 + t*j. Give x(3).
-1
Let b(d) = d**3 + 14*d**2 + 13*d - 2. Let w be b(-13). Let p(g) = -4*g - 1. What is p(w)?
7
Let a be 0 + 0 + 2/(-2). Let t(n) be the third derivative of n**6/60 - n**5/60 - n**4/24 + 2*n**2. Give t(a).
-2
Let q = -5 - -6. Suppose 4*m - q = -9. Let y(p) be the third derivative of -p**6/120 - p**5/30 + p**4/12 + p**3/2 - p**2. Give y(m).
-1
Let n(g) be the first derivative of g**6/180 - g**5/60 - g**4/12 - 8*g**3/3 - 6. Let s(p) be the third derivative of n(p). Determine s(-2).
10
Let y(v) = v**3 + 2*v**2 - 6*v - 5. Suppose -7*h = -3*h + 16. Give y(h).
-13
Let v(h) = 2*h - h**2 + 3 - 8 + 6. Determine v(-1).
-2
Let w = 70 + -67. Let u(x) be the third derivative of -1/6*x**3 + 1/15*x**5 - 2*x**2 + 0*x - 1/120*x**6 + 0 - 1/24*x**4. What is u(w)?
5
Let q(y) = y**3 + y**2 + y - 2. Let d be 3/9 - 2/(-3). Let u = 1 - d. Give q(u).
-2
Let h(z) = z**3 - z**2 + z - 1. Let b(r) = 3*r**3 - 2*r**2 + 3*r - 1. Let g(x) = -b(x) + 2*h(x). Suppose -5*p - 8 = -3. What is g(p)?
1
Let b(x) = x**3 + 2*x**2 - x - 1. Suppose -o - 11 = 4*z, 3*z + 4 + 2 = 0. Let k be (-2 - -2)/(o - -2). Suppose k = -0*m + m + 2. Give b(m).
1
Let d(b) = -b - 5. Let z(l) = -l + 1. Let r(s) = -5*s + 3. Let m(q) = -r(q) + 3*z(q). Let v be m(2). Let n = v + -4. Give d(n).
-5
Let x(a) be the third derivative of -a**8/20160 - a**7/1260 + a**6/144 + a**5/60 + 3*a**2. Let d(q) be the third derivative of x(q). Determine d(-5).
0
Let w(d) = -d**2 - 10*d - 7. Let q be w(-9). Let i(p) = -3*p**q + 4*p + 2*p**2 - 2*p - 12 - p. Give i(0).
-12
Suppose 4*y = -0*y + 52. Let r = -11 + y. Let a(x) = 3*x**2 - 2*x - 1. Give a(r).
7
Let r(x) be the third derivative of -x**4/12 - 7*x**3/6 - x**2. Suppose -d = -3*g + 5, g + 4 = 3*d + 19. Calculate r(d).
3
Let x(p) = -3*p - 6 + 1 + 0 + 2*p. Determine x(-7).
2
Let r(k) = k**3 + 4*k**2 - k. Let p = 34 + -37. Determine r(p).
12
Suppose -2*q + 5 = 13. Let h(g) = -g**2 - 5*g - 1. Calculate h(q).
3
Let a(g) = -3*g**2 - g**2 + 3*g**2 - 2 + 3 - 2*g. Let c = -12 + 20. Suppose -c = 3*f - f. Give a(f).
-7
Let o(w) = -w**3 - w**2 + w - 3. Let u(d) = -3*d**3 + 37*d**2 + 7. Let y(r) = r**3 - 12*r**2 - 2. Let h(k) = 2*u(k) + 7*y(k). Let p be h(10). What is o(p)?
-3
Let h(v) = v**3 - v**2 - 3*v - 1. Let q be h(-1). Let i(k) be the third derivative of -2*k**2 - 1/2*k**3 - 1/60*k**5 + q*k + 0 - 7/24*k**4. What is i(-3)?
9
Let o(q) = -q**2 + q + 1. Let a be o(-2). Let t = a + 3. Let h(x) = -x + 1. What is h(t)?
3
Let g(u) = 22*u + 3. Let o(r) = -7*r - 1. Let x(t) = -4*t + 4. Let h be x(3). Let j(m) = h*o(m) - 3*g(m). What is j(-1)?
9
Let z(y) = -3*y**3 - 5*y**2 - 6. Let u(j) = -2*j**3 - 4*j**2 - 5. Let f(w) = 4*u(w) - 3*z(w). What is f(2)?
2
Let k = -17 + 14. Let y(p) = 2*p + 0*p - p**2 - 6*p - 3. What is y(k)?
0
Let f be 4 - 3/(3/2). Suppose 0 = -f*s - 1 + 5. Let l(h) = 2*h**2 - 2*h + 1. Give l(s).
5
Let i(b) = -b**2 + 1. Let p(z) = z**2 - z. Let t(g) = 7*g**2 + g - 5. Let q(j) = 2*p(j) + t(j). Let x = -2 - -3. Let n(f) = x*q(f) + 5*i(f). Give n(1).
3
Let q(x) = x**2 + 8*x + 2. Let a be -4 - -1*(2 + 0). Let w = a - -1. Let p(g) = 7*g**3 + 2*g**2 + 2*g + 1. Let r be p(w). Give q(r).
-10
Suppose 3*h - 2*t + 0*t - 20 = 0, h = 4*t. Let d(f) = 5*f + 3 - f**2 - 2 + f - h. Give d(5).
-2
Let i(w) = -3*w + 24. Let a be i(10). Let u(p) = p**2 + 5*p - 5. Calculate u(a).
1
Let q(s) = 5*s**2 + 6*s + 5. Let k(p) = 5*p**2 + 5*p + 4. Let w(o) = 4*k(o) - 3*q(o). Give w(-1).
4
Let y = 5 + -2. Suppose k = -1 + y. Let t(c) = -3*c - 4*c**3 + 3*c**3 + c**k - 4*c**2 - 2*c**2. Determine t(-4).
-4
Let d be -2 - -9 - (-3 - -6). Let v(t) = 5*t - 6. Calculate v(d).
14
Let l(n) be the first derivative of -n**4/4 - 7*n**3/3 - 3*n**2 + 6*n - 20. What is l(-6)?
6
Suppose 5*u - 33 = 2*u. Let b(i) = -1 - 2*i + 3*i**2 + i + 0 - u*i**2. What is b(-1)?
-8
Let o = 9 - -6. Let s(i) = -i**3 + 11*i**2 - 8*i - 14. Let a be s(10). Suppose a*v + o = v. Let y(t) = -t**2 - 4*t. Determine y(v).
3
Let l = 0 + 2. Let m(s) = s**3 - 5*s**2 + 2*s + 3. Let x be m(5). Suppose 19 = -3*y - 4*k, -l*y = 4*k + 5 + x. Let z(c) = c + 1. Calculate z(y).
0
Let q(b) = 4*b - 2. Suppose -8 = 4*o - 16. Determine q(o).
6
Let a(u) = -u**2 + u - 3. Let w(m) = m**2 - m + 1. Let t(r) = -2*a(r) - 4*w(r). Give t(-2).
-10
Suppose u + 3*u = 8. Let n(m) = m**3 - 2*m**2 + 3*m - 3. Let w be n(u). Let i(h) = -2*h - 4. Give i(w).
-10
Let j(b) be the first derivative of b**3/3 + 7*b**2/2 - 3*b - 17. Give j(-7).
-3
Let r(j) = -4*j**2 - 3*j + 7. Let g(v) = 7*v**2 + 7*v - 13. Let n(d) = -3*g(d) - 5*r(d). Calculate n(-7).
-3
Let q(n) = 11*n - 1 + n**2 + 6*n - 10*n - 2. Determine q(-7).
-3
Let s(j) = 6*j**3 - 2*j**2 + 2*j + 1. Let x(p) = -7*p**3 + 3*p**2 - 2*p - 1. Let h(q) = 3*s(q) + 2*x(q). Calculate h(-1).
-5
Let w(z) = -z**3 - 3*z**2 + z. Let t(h) = 1 - 2*h - 2 - 2. Let g be t(-6). Suppose -12 = -d - 3*d, a - 2*d + g = 0. Give w(a).
-3
Let j(m) = 74*m - 73*m + 4 - m**2 - 6. Calculate j(2).
-4
Suppose 0 = 17*p - 15*p + 14. Let g(q) = q**2 + 9*q + 6. Calculate g(p).
-8
Let s be 0 - (-2 + 2 + -4). Let b(n) = -2*n**2 + 6*n. Give b(s).
-8
Let b(h) = h**3 + 3*h**2 + 2*h + 2. Let u be 24/(-15) - (-10)/(-25). Give b(u).
2
Let l(g) = -21*g - 8 + 22*g + 7. Let c be (-5)/2*(-1 - 1). Suppose -17 = c*p + 3. Give l(p).
-5
Let p(f) = -4*f + 8*f - 3*f + 6*f. Let o = 5 - 6. Calculate p(o).
-7
Let w(x) be the third derivative of 0 + 1/24*x**4 + 0*x - 1/3*x**3 + x**2. What is w(4)?
2
Let v(n) = -2*n**3 + n**2 + 1. Let s be 3/1*4*3/18. Determine v(s).
-11
Suppose 0 = -2*t + 7*t + 25. Let q(m) = -2*m**3 + m**2 - 17. Let b(h) = h**3 - h**2 + 9. Let p(v) = -11*b(v) - 6*q(v). Give p(t).
3
Let q(u) = u**2 - 7*u + 2. Let h = 15 + -11. Calculate q(h).
-10
Let q(g) be the third derivative of -g**5/30 - g**4/8 + g**3/2 + 18*g**2. Give q(-3).
-6
Suppose 5 = h + 5*i + 18, -2*h = i - 1. Let q(t) be the first derivative of t**4/2 - t**3 + 3*t**2/2 - 3*t - 3. What is q(h)?
7
Suppose 9 - 7 = 2*x. Let h = -1 + x. Let r(c) be the third derivative of -c**4/24 - c**3/6 - c**2. What is r(h)?
-1
Let g(q) be the second derivative of 3*q**3/2 - 3*q**2/2 - 59*q. Give g(4).
33
Let i(v) = -v + 1. Let c(p) = 7*p + 6. Let m(u) = -u - 1. Let t(a) = -c(a) - 6*m(a). Let r = 9 - 14. Let f(d) = r*t(d) + 2*i(d). Give f(-2).
-4
Let q(c) = -c**3 + 6*c**2 - 5*c + 3. Let d be q(5). Let p(f) = -d - 1 + 3*f + 1. Calculate p(3).
6
Let w(a) = -3*a**2 + 10*a + 4. Let g(l) = 4*l**2 - 11*l - 5. Let f(k) = 4*g(k) + 5*w(k). What is f(-3)?
-9
Let b(i) = i**2 - 5*i + 3. Suppose 2*m - 22 = -2*a + 4*m, -5*a - 2*m + 20 = 0. Give b(a).
9
Let f(n) = n**2 + 3*n - 2. Suppose -9 = -5*s + 1. Calculate f(s).
8
Suppose -5*r + 9 - 39 = 0. Let p(l) = 2*l**3 - 5*l**2 + l - 4. Let i(x) = x**3 - x. Let o(q) = -3*i(q) + p(q). What is o(r)?
8
Suppose -2*r + 27 = -13. Suppose r = -4*h - 0*h. Let t(y) = -y**3 - 7*y**2 - 6*y + 5. Calculate t(h).
-15
Let c(i) = -1 - 4*i**2 + 0 + 3*i**3 - 2*i**3. Let v be (-9)/6 - 6/(-4). Let z = v - -2. Determine c(z).
-9
Let b(r) = 7 - 5*r + 4*r + 0*r. Let h(g) = g - 6. Let v(t) = -2*t + 11. Let c(f) = 5*h(f) + 2*v(f). Let p be c(8). Calculate b(p).
7
Let k(a) = 8*a + 58. Let o be k(-7). Let q(j) = -2*j**3 + 4*j**2 - 4*j + 2. Determine q(o).
-6
Let t(z) be the third derivative of z**4/24 + z**3/6 + 2*z**2. Let n be t(1). Let